((-4)/(-2))/2. Let i be (-1 + -148)*(0 + -8 - -9). Is (-4)/y - i/3 composite?
True
Let j(z) = -41*z - 46. Let a = -15 + -6. Is j(a) composite?
True
Let z(w) = w**3 + 10*w**2 + 8*w - 6. Let i be z(-9). Let j = 7 + -5. Suppose -i*o = q - 107, -j*o + 4*o - 78 = q. Is o a composite number?
False
Let l(m) = 3*m + 0*m**3 - 9*m - 5 + 9*m**2 - m**3 - 2. Let w be (4 - 5)/(4/(-24)). Is l(w) a prime number?
False
Let c(g) = -1315*g - 7. Let q be c(-5). Suppose 4*w = -4*n + q, 2*n + 6565 = 4*w + 5*n. Is w composite?
True
Let i = 116231 + -51522. Is i a prime number?
True
Let s(k) be the third derivative of -k**4/12 + 5*k**3/2 + 5*k**2. Let b be s(-18). Suppose -3*i - b + 162 = 0. Is i composite?
False
Suppose 17*y - 100802 = 15*y. Is y composite?
True
Let c = 566 - 101. Let d = c + 680. Is d composite?
True
Is -4*((-15014)/56 - 33/231) a prime number?
False
Let t be (-75)/11 + 8/(-44). Let o(p) = -233*p + 24. Is o(t) a prime number?
False
Is 4/(-34) - 315865/(-187) composite?
True
Let k = -23 + -3. Is (-54102)/k + (-4 - 108/(-26)) prime?
True
Let x(a) = a**3 + 14*a**2 + 3*a + 5. Let s(p) = p**3 + 13*p**2 + 3*p + 5. Let t(n) = -6*s(n) + 5*x(n). Let r(y) = -3*y + 6. Let m be r(5). Is t(m) prime?
True
Suppose -3*t + 7*t + 3228 = 0. Is (8/4)/(-6)*t prime?
True
Let w = 2757 - -1634. Is w composite?
False
Suppose -q - 4*a - 30 = 0, -4*q + 4*a = 9*a + 65. Let k = q - -27. Suppose k*r = 12*r + 1255. Is r a prime number?
True
Suppose 2*m + 82 - 3446 = 3*x, 2*x = 3*m - 5036. Let f = m - 721. Is f composite?
True
Suppose -7 - 12 = -5*p + 3*o, 0 = 4*p + 5*o - 30. Suppose 67 = -p*n + 6*n. Is n a prime number?
True
Let y(n) = 46*n**2 - 2*n - 4. Let b be y(5). Let c = b - 649. Let w = 756 - c. Is w a prime number?
True
Let p(b) = -b**3 + 6*b**2 - 5*b + 5. Let q be p(5). Suppose q*l - l = 160. Suppose -k + l - 7 = 0. Is k prime?
False
Suppose -h - 3*l = -5*h + 5762, 5*l - 7185 = -5*h. Is h a composite number?
False
Let d be 183 - (-3 - -4)*1. Suppose 2*t = -0*t + d. Is t a prime number?
False
Let v = 3060 - -1211. Is v prime?
True
Let x = -40 + 20. Is (-8968)/x - 3/(-5) a composite number?
False
Suppose 2272 = 2*a - 4*y, 2*a - 759 = -2*y + 1483. Is a a prime number?
False
Suppose 0 = -t - 2*x + 2501 - 558, -3*t + 5789 = -2*x. Suppose 0 = -4*k + t + 1879. Is k composite?
False
Let a(d) = 3*d**2 + 7*d - 5. Suppose -h = -5*j + 3, -h - 3*h = -2*j - 6. Suppose 2*g - 2 = 3*g, -h*f + 12 = g. Is a(f) a prime number?
True
Let i(h) be the third derivative of h**5/60 - 5*h**4/24 + 5*h**3/2 + h**2. Suppose -3*s - 4*k = -39, 12*s + 4*k - 65 = 7*s. Is i(s) a composite number?
True
Suppose -4*x - 2605 = 551. Is ((-8)/12)/(2/x) a composite number?
False
Suppose f - 1565 = 660. Suppose -c - 4*c = -f. Is c a composite number?
True
Suppose 5*r - 4*j + 3*j + 4 = 0, -4*j + 16 = -r. Suppose 1946 = -r*q + 2*q. Is q a prime number?
False
Let m be (2/7)/(19/(-133)). Is (-35 + 2)*-4 - m composite?
True
Let g(d) = 682*d - 71. Is g(7) a composite number?
False
Let c be (26 - -1)/(13/(-143)). Let t = -124 - c. Let y = t - -596. Is y a composite number?
False
Let a be 9/3 + -6 - -10. Suppose 20 = a*o - 2*o. Suppose -4*m - 3*r + 54 = 4, 0 = 4*m - o*r - 36. Is m a composite number?
False
Let i be (9 - 6) + -1*3. Suppose 2*w = -i*w - 2*t + 8, 2*t - 2 = 4*w. Let p(a) = 20*a**2 - 2*a + 1. Is p(w) a composite number?
False
Let d(t) = t**2 + 11*t + 12. Let k be d(-10). Suppose p - 146 = -3*q, 3*p - 444 = -k*q - q. Is p prime?
True
Let d(q) = 7*q**2 + 2*q - 2. Let t(r) = r + 1. Let n be t(3). Let v be 1/(((-16)/n)/(-12)). Is d(v) a composite number?
False
Let j = 71 - -40. Suppose -6*v + j + 3 = 0. Is v composite?
False
Let l(v) = -v**2 - v + 169. Let i be (-66)/(-17) + (-14)/(-119). Suppose 23 = h + 5*q + 3, h - i*q + 16 = 0. Is l(h) prime?
False
Suppose 3*b - 3*o = -0*o - 4221, 2*o - 7029 = 5*b. Let p = b + 1978. Is p a prime number?
False
Let t(u) = 7*u**3 - 4*u**2 - 6*u**2 + 13*u**2 - 62*u**3 - 1. Is t(-3) composite?
False
Suppose -70545 = 2252*o - 2257*o. Is o prime?
False
Is (1/2)/(-15*12/(-46572120)) a composite number?
True
Suppose 0 = 5*r - 5*m - 3995, -3*r + 8*r - 3*m = 3991. Is r prime?
True
Let z = -51 + 570. Let w = z - -68. Is w a composite number?
False
Suppose -3*a + 2180 = 2*a. Suppose -a = -6*y + 2*y. Is y prime?
True
Let u(j) = -1 + 4*j**2 - j**2 - 27*j**3 - 6*j**2 + 2*j**2. Is u(-2) a prime number?
True
Suppose 0 = z + 2*z + 27. Let q = 13 + z. Suppose q*a = -a + 1855. Is a a prime number?
False
Let t = 76817 - 32368. Is t a prime number?
True
Let z = -4083 - -6664. Is z a composite number?
True
Let m(y) = 7*y**3 + 5*y**2 - 34*y - 25. Let w(v) = 3*v**3 + 2*v**2 - 17*v - 13. Let r(l) = -4*m(l) + 9*w(l). Is r(-11) a prime number?
True
Let m be (-6)/(-18) - 41/(-3). Let n be (12/m)/(2/14). Is ((-1675)/10)/((-3)/n) composite?
True
Suppose 2601 = 2*l - 1063. Let u = 4995 - l. Is u a prime number?
True
Let b(d) = -21*d + 9. Let k be b(8). Let m = -415 + 1071. Let c = k + m. Is c composite?
True
Let w = 15019 - -48158. Is w composite?
True
Let x(k) = -55*k - 9. Let y be (-10)/((-6)/(-1) + -4). Let z be x(y). Suppose -w + u + 445 + z = 0, w + u = 703. Is w prime?
False
Suppose -4*x - 6 = 6. Let r be (x/(-4))/(12/32). Suppose -r*n + 138 = -0*n. Is n a prime number?
False
Suppose 0 = -20*h + 17*h + 2175. Suppose -33*y + 28*y + h = 0. Is y prime?
False
Let f = 76 + -138. Suppose 0*z + 3*z = 324. Let p = f + z. Is p composite?
True
Let y = 78 - 173. Let d = 130 - -27. Let c = d + y. Is c composite?
True
Let c(j) be the first derivative of -j**4/4 + 2*j**3 - 5*j**2/2 + 2*j + 2. Let q be c(5). Suppose -381 = -o - q*o. Is o prime?
True
Let k(u) = 51*u**2 + 12*u - 52. Is k(5) a prime number?
True
Let t = 32627 + 15210. Is t prime?
True
Let d be ((-11)/3)/(10389/(-5193) - -2). Suppose 5*u - d = -4*x, 0*x - x - u = -1586. Is x a composite number?
False
Let x = -181 - -329. Let t = x + -59. Is t a prime number?
True
Suppose 0*q + 5*q + 18 = -3*c, c + 5*q = -16. Let b be 17/(-2) - c/(-2). Is (610/6)/((-3)/b) composite?
True
Suppose -3*k + 4*i + 77791 = 5*i, -4*k + i = -103726. Is k a composite number?
False
Suppose 27*y = 18*y + 4491. Is y prime?
True
Suppose 13050 = 12*w - 6*w. Let f = -892 + w. Is f a composite number?
False
Suppose 2*x - c = 511, 0 = 4*x - 4*c + 8*c - 992. Let v = 706 - x. Is v prime?
False
Let l = 72 - 51. Let q be 25/(-4) + 2/(12 + -4). Is 5862/14 - q/l prime?
True
Let i = 49 + -43. Is (((-7539)/(-6))/(-7))/((-3)/i) prime?
True
Let l(k) = 179*k**2 - 4*k - 5. Is l(-2) a prime number?
True
Suppose -4*z + 12994 = -1038. Suppose 7*s = 3*s + z. Is s prime?
True
Let b = -3962 + 2501. Let z = -574 - b. Is z a composite number?
False
Let d(h) = 2925*h**2 - 5*h + 3. Is d(1) a composite number?
True
Let g be (-39)/9 + 3/9. Let w(m) = 6*m**2 - 8*m - 10. Is w(g) prime?
False
Let q(y) = y**3 - 4*y**2 - 6*y + 5. Let r(b) = -2*b + 1. Let c be r(-2). Let f be q(c). Let t(v) = v**3 - v**2 + 6. Is t(f) prime?
False
Let p = 57 + -52. Suppose 832 = -p*m + 6667. Is m a composite number?
True
Let s(t) = -2*t + 6. Let d be s(3). Suppose d = 2*w + 3*n - 2009, -w - 4*n - 4965 = -6*w. Is w composite?
False
Let x(d) = 2478*d**3 - 5*d**2 + 17*d + 7. Is x(3) composite?
False
Let f be 529 - (2 - (-4 + 15/3)). Suppose -2*a + 5*p + f = 0, 0*p - 2*p = 2*a - 514. Is a composite?
True
Let i(n) = 2*n**3 + 15*n**2 - 27*n - 55. Is i(21) a composite number?
True
Suppose -6 = -0*k - 3*k. Suppose -3*j - 2 - 4 = 0, -4*u + k*j = -880. Is u a prime number?
False
Suppose c - 2*o + 4*o = -116, -2*o = 2*c + 232. Is (c/6)/(632/318 - 2) a composite number?
True
Suppose -224 = -2*t - 2*t. Let y be 2 + 13/(-5) - (-76)/10. Is 16/t + 2889/y a composite number?
True
Let h be 2/4 - 43/2. Let p be 11/3 + 14/h. Suppose -k + 6 = p. Is k prime?
True
Let p(y) = -10*y - 187. Is p(-35) a composite number?
False
Let s = 966 + -330. Let d = 254 - s. Is ((-1)/2)/(1/d) prime?
True
Let y(p) = 2*p**2 + 10*p + 13. Let m be (-248)/32 - 3/12. Let v = -20 - m. Is y(v) prime?
True
Let m(h) = 0*h - 3*h + 2*h. Let y be m(1). Is (-16 - 3 - 2)/y composite?
True
Let x(c) = -c**3 + c**2. Let b be x(-1). Let r(f) = -f - 2. Let w be r(b). Is 3 + ((-560)/w - 0) a prime number?
False
Suppose -2*r = z + 12 - 5, 0 = 5*r + z + 19. Is 617 + ((-32)/4 - r) a composite 